{"id":878,"date":"2025-10-10T10:12:02","date_gmt":"2025-10-10T10:12:02","guid":{"rendered":"http:\/\/www.lerendezvous.mu\/?post_type=artisan&#038;p=878"},"modified":"2026-02-04T12:38:57","modified_gmt":"2026-02-04T08:38:57","slug":"rachel-black-and-yellow-le-rendez-vous","status":"publish","type":"artisan","link":"https:\/\/www.lerendezvous.mu\/en\/artisan\/rachel-black-and-yellow-le-rendez-vous\/","title":{"rendered":"Rachel"},"content":{"rendered":"","protected":false},"featured_media":0,"template":"","meta":{"_acf_changed":true},"class_list":["post-878","artisan","type-artisan","status-publish","hentry"],"acf":[],"yoast_head":"<!-- This site is optimized with the Yoast SEO plugin v27.5 - https:\/\/yoast.com\/product\/yoast-seo-wordpress\/ -->\n<title>Rachel - Le Rendez-Vous<\/title>\n<meta name=\"description\" content=\"Rachel et Pierre-Yves sont les cr\u00e9ateurs de Black &amp; Yellow, une marque qui cr\u00e9e des diffuseurrs et parfums d&#039;ambiance \u00e0 Maurice.\" \/>\n<meta name=\"robots\" content=\"index, follow, max-snippet:-1, max-image-preview:large, max-video-preview:-1\" \/>\n<link rel=\"canonical\" href=\"https:\/\/www.lerendezvous.mu\/en\/artisan\/rachel-black-and-yellow-le-rendez-vous\/\" \/>\n<meta property=\"og:locale\" content=\"en_US\" \/>\n<meta property=\"og:type\" content=\"article\" \/>\n<meta property=\"og:title\" content=\"Rachel - Le Rendez-Vous\" \/>\n<meta property=\"og:description\" content=\"Rachel et Pierre-Yves sont les cr\u00e9ateurs de Black &amp; Yellow, une marque qui cr\u00e9e des diffuseurrs et parfums d&#039;ambiance \u00e0 Maurice.\" \/>\n<meta property=\"og:url\" content=\"https:\/\/www.lerendezvous.mu\/en\/artisan\/rachel-black-and-yellow-le-rendez-vous\/\" \/>\n<meta property=\"og:site_name\" content=\"Le Rendez-Vous\" \/>\n<meta property=\"article:publisher\" content=\"https:\/\/www.facebook.com\/lerendezvousmauritius\" \/>\n<meta property=\"article:modified_time\" content=\"2026-02-04T08:38:57+00:00\" \/>\n<meta name=\"twitter:card\" content=\"summary_large_image\" \/>\n<script type=\"application\/ld+json\" class=\"yoast-schema-graph\">{\"@context\":\"https:\\\/\\\/schema.org\",\"@graph\":[{\"@type\":\"WebPage\",\"@id\":\"https:\\\/\\\/www.lerendezvous.mu\\\/artisan\\\/rachel-black-and-yellow-le-rendez-vous\\\/\",\"url\":\"https:\\\/\\\/www.lerendezvous.mu\\\/artisan\\\/rachel-black-and-yellow-le-rendez-vous\\\/\",\"name\":\"Rachel - Le Rendez-Vous\",\"isPartOf\":{\"@id\":\"https:\\\/\\\/www.lerendezvous.mu\\\/#website\"},\"datePublished\":\"2025-10-10T10:12:02+00:00\",\"dateModified\":\"2026-02-04T08:38:57+00:00\",\"description\":\"Rachel et Pierre-Yves sont les cr\u00e9ateurs de Black & Yellow, une marque qui cr\u00e9e des diffuseurrs et parfums d'ambiance \u00e0 Maurice.\",\"breadcrumb\":{\"@id\":\"https:\\\/\\\/www.lerendezvous.mu\\\/artisan\\\/rachel-black-and-yellow-le-rendez-vous\\\/#breadcrumb\"},\"inLanguage\":\"en-US\",\"potentialAction\":[{\"@type\":\"ReadAction\",\"target\":[\"https:\\\/\\\/www.lerendezvous.mu\\\/artisan\\\/rachel-black-and-yellow-le-rendez-vous\\\/\"]}]},{\"@type\":\"BreadcrumbList\",\"@id\":\"https:\\\/\\\/www.lerendezvous.mu\\\/artisan\\\/rachel-black-and-yellow-le-rendez-vous\\\/#breadcrumb\",\"itemListElement\":[{\"@type\":\"ListItem\",\"position\":1,\"name\":\"Home\",\"item\":\"https:\\\/\\\/www.lerendezvous.mu\\\/\"},{\"@type\":\"ListItem\",\"position\":2,\"name\":\"Rachel\"}]},{\"@type\":\"WebSite\",\"@id\":\"https:\\\/\\\/www.lerendezvous.mu\\\/#website\",\"url\":\"https:\\\/\\\/www.lerendezvous.mu\\\/\",\"name\":\"Le Rendez-Vous\",\"description\":\"100% moricien\",\"publisher\":{\"@id\":\"https:\\\/\\\/www.lerendezvous.mu\\\/#organization\"},\"potentialAction\":[{\"@type\":\"SearchAction\",\"target\":{\"@type\":\"EntryPoint\",\"urlTemplate\":\"https:\\\/\\\/www.lerendezvous.mu\\\/?s={search_term_string}\"},\"query-input\":{\"@type\":\"PropertyValueSpecification\",\"valueRequired\":true,\"valueName\":\"search_term_string\"}}],\"inLanguage\":\"en-US\"},{\"@type\":\"Organization\",\"@id\":\"https:\\\/\\\/www.lerendezvous.mu\\\/#organization\",\"name\":\"Le Rendez-Vous\",\"url\":\"https:\\\/\\\/www.lerendezvous.mu\\\/\",\"logo\":{\"@type\":\"ImageObject\",\"inLanguage\":\"en-US\",\"@id\":\"https:\\\/\\\/www.lerendezvous.mu\\\/#\\\/schema\\\/logo\\\/image\\\/\",\"url\":\"https:\\\/\\\/www.lerendezvous.mu\\\/wp-content\\\/uploads\\\/2025\\\/10\\\/lrdv-logo.png\",\"contentUrl\":\"https:\\\/\\\/www.lerendezvous.mu\\\/wp-content\\\/uploads\\\/2025\\\/10\\\/lrdv-logo.png\",\"width\":568,\"height\":232,\"caption\":\"Le Rendez-Vous\"},\"image\":{\"@id\":\"https:\\\/\\\/www.lerendezvous.mu\\\/#\\\/schema\\\/logo\\\/image\\\/\"},\"sameAs\":[\"https:\\\/\\\/www.facebook.com\\\/lerendezvousmauritius\",\"https:\\\/\\\/www.instagram.com\\\/lerendezvous_mauritius\"]}]}<\/script>\n<!-- \/ Yoast SEO plugin. -->","yoast_head_json":{"title":"Rachel - Le Rendez-Vous","description":"Rachel et Pierre-Yves sont les cr\u00e9ateurs de Black & Yellow, une marque qui cr\u00e9e des diffuseurrs et parfums d'ambiance \u00e0 Maurice.","robots":{"index":"index","follow":"follow","max-snippet":"max-snippet:-1","max-image-preview":"max-image-preview:large","max-video-preview":"max-video-preview:-1"},"canonical":"https:\/\/www.lerendezvous.mu\/en\/artisan\/rachel-black-and-yellow-le-rendez-vous\/","og_locale":"en_US","og_type":"article","og_title":"Rachel - Le Rendez-Vous","og_description":"Rachel et Pierre-Yves sont les cr\u00e9ateurs de Black & Yellow, une marque qui cr\u00e9e des diffuseurrs et parfums d'ambiance \u00e0 Maurice.","og_url":"https:\/\/www.lerendezvous.mu\/en\/artisan\/rachel-black-and-yellow-le-rendez-vous\/","og_site_name":"Le Rendez-Vous","article_publisher":"https:\/\/www.facebook.com\/lerendezvousmauritius","article_modified_time":"2026-02-04T08:38:57+00:00","twitter_card":"summary_large_image","schema":{"@context":"https:\/\/schema.org","@graph":[{"@type":"WebPage","@id":"https:\/\/www.lerendezvous.mu\/artisan\/rachel-black-and-yellow-le-rendez-vous\/","url":"https:\/\/www.lerendezvous.mu\/artisan\/rachel-black-and-yellow-le-rendez-vous\/","name":"Rachel - Le Rendez-Vous","isPartOf":{"@id":"https:\/\/www.lerendezvous.mu\/#website"},"datePublished":"2025-10-10T10:12:02+00:00","dateModified":"2026-02-04T08:38:57+00:00","description":"Rachel et Pierre-Yves sont les cr\u00e9ateurs de Black & Yellow, une marque qui cr\u00e9e des diffuseurrs et parfums d'ambiance \u00e0 Maurice.","breadcrumb":{"@id":"https:\/\/www.lerendezvous.mu\/artisan\/rachel-black-and-yellow-le-rendez-vous\/#breadcrumb"},"inLanguage":"en-US","potentialAction":[{"@type":"ReadAction","target":["https:\/\/www.lerendezvous.mu\/artisan\/rachel-black-and-yellow-le-rendez-vous\/"]}]},{"@type":"BreadcrumbList","@id":"https:\/\/www.lerendezvous.mu\/artisan\/rachel-black-and-yellow-le-rendez-vous\/#breadcrumb","itemListElement":[{"@type":"ListItem","position":1,"name":"Home","item":"https:\/\/www.lerendezvous.mu\/"},{"@type":"ListItem","position":2,"name":"Rachel"}]},{"@type":"WebSite","@id":"https:\/\/www.lerendezvous.mu\/#website","url":"https:\/\/www.lerendezvous.mu\/","name":"Le Rendez-Vous","description":"100% moricien","publisher":{"@id":"https:\/\/www.lerendezvous.mu\/#organization"},"potentialAction":[{"@type":"SearchAction","target":{"@type":"EntryPoint","urlTemplate":"https:\/\/www.lerendezvous.mu\/?s={search_term_string}"},"query-input":{"@type":"PropertyValueSpecification","valueRequired":true,"valueName":"search_term_string"}}],"inLanguage":"en-US"},{"@type":"Organization","@id":"https:\/\/www.lerendezvous.mu\/#organization","name":"Le Rendez-Vous","url":"https:\/\/www.lerendezvous.mu\/","logo":{"@type":"ImageObject","inLanguage":"en-US","@id":"https:\/\/www.lerendezvous.mu\/#\/schema\/logo\/image\/","url":"https:\/\/www.lerendezvous.mu\/wp-content\/uploads\/2025\/10\/lrdv-logo.png","contentUrl":"https:\/\/www.lerendezvous.mu\/wp-content\/uploads\/2025\/10\/lrdv-logo.png","width":568,"height":232,"caption":"Le Rendez-Vous"},"image":{"@id":"https:\/\/www.lerendezvous.mu\/#\/schema\/logo\/image\/"},"sameAs":["https:\/\/www.facebook.com\/lerendezvousmauritius","https:\/\/www.instagram.com\/lerendezvous_mauritius"]}]}},"_links":{"self":[{"href":"https:\/\/www.lerendezvous.mu\/en\/wp-json\/wp\/v2\/artisan\/878","targetHints":{"allow":["GET"]}}],"collection":[{"href":"https:\/\/www.lerendezvous.mu\/en\/wp-json\/wp\/v2\/artisan"}],"about":[{"href":"https:\/\/www.lerendezvous.mu\/en\/wp-json\/wp\/v2\/types\/artisan"}],"wp:attachment":[{"href":"https:\/\/www.lerendezvous.mu\/en\/wp-json\/wp\/v2\/media?parent=878"}],"curies":[{"name":"wp","href":"https:\/\/api.w.org\/{rel}","templated":true}]}}

<!-- This site is optimized with the Yoast SEO plugin v27.5 - https://yoast.com/product/yoast-seo-wordpress/ -->
<title>Rachel - Le Rendez-Vous</title>
<meta name="description" content="Rachel et Pierre-Yves sont les créateurs de Black &amp; Yellow, une marque qui crée des diffuseurrs et parfums d&#039;ambiance à Maurice." />
<meta name="robots" content="index, follow, max-snippet:-1, max-image-preview:large, max-video-preview:-1" />
<link rel="canonical" href="https://www.lerendezvous.mu/en/artisan/rachel-black-and-yellow-le-rendez-vous/" />
<meta property="og:locale" content="en_US" />
<meta property="og:type" content="article" />
<meta property="og:title" content="Rachel - Le Rendez-Vous" />
<meta property="og:description" content="Rachel et Pierre-Yves sont les créateurs de Black &amp; Yellow, une marque qui crée des diffuseurrs et parfums d&#039;ambiance à Maurice." />
<meta property="og:url" content="https://www.lerendezvous.mu/en/artisan/rachel-black-and-yellow-le-rendez-vous/" />
<meta property="og:site_name" content="Le Rendez-Vous" />
<meta property="article:publisher" content="https://www.facebook.com/lerendezvousmauritius" />
<meta property="article:modified_time" content="2026-02-04T08:38:57+00:00" />
<meta name="twitter:card" content="summary_large_image" />
<script type="application/ld+json" class="yoast-schema-graph">{"@context":"https:\/\/schema.org","@graph":[{"@type":"WebPage","@id":"https:\/\/www.lerendezvous.mu\/artisan\/rachel-black-and-yellow-le-rendez-vous\/","url":"https:\/\/www.lerendezvous.mu\/artisan\/rachel-black-and-yellow-le-rendez-vous\/","name":"Rachel - Le Rendez-Vous","isPartOf":{"@id":"https:\/\/www.lerendezvous.mu\/#website"},"datePublished":"2025-10-10T10:12:02+00:00","dateModified":"2026-02-04T08:38:57+00:00","description":"Rachel et Pierre-Yves sont les créateurs de Black & Yellow, une marque qui crée des diffuseurrs et parfums d'ambiance à Maurice.","breadcrumb":{"@id":"https:\/\/www.lerendezvous.mu\/artisan\/rachel-black-and-yellow-le-rendez-vous\/#breadcrumb"},"inLanguage":"en-US","potentialAction":[{"@type":"ReadAction","target":["https:\/\/www.lerendezvous.mu\/artisan\/rachel-black-and-yellow-le-rendez-vous\/"]}]},{"@type":"BreadcrumbList","@id":"https:\/\/www.lerendezvous.mu\/artisan\/rachel-black-and-yellow-le-rendez-vous\/#breadcrumb","itemListElement":[{"@type":"ListItem","position":1,"name":"Home","item":"https:\/\/www.lerendezvous.mu\/"},{"@type":"ListItem","position":2,"name":"Rachel"}]},{"@type":"WebSite","@id":"https:\/\/www.lerendezvous.mu\/#website","url":"https:\/\/www.lerendezvous.mu\/","name":"Le Rendez-Vous","description":"100% moricien","publisher":{"@id":"https:\/\/www.lerendezvous.mu\/#organization"},"potentialAction":[{"@type":"SearchAction","target":{"@type":"EntryPoint","urlTemplate":"https:\/\/www.lerendezvous.mu\/?s={search_term_string}"},"query-input":{"@type":"PropertyValueSpecification","valueRequired":true,"valueName":"search_term_string"}}],"inLanguage":"en-US"},{"@type":"Organization","@id":"https:\/\/www.lerendezvous.mu\/#organization","name":"Le Rendez-Vous","url":"https:\/\/www.lerendezvous.mu\/","logo":{"@type":"ImageObject","inLanguage":"en-US","@id":"https:\/\/www.lerendezvous.mu\/#\/schema\/logo\/image\/","url":"https:\/\/www.lerendezvous.mu\/wp-content\/uploads\/2025\/10\/lrdv-logo.png","contentUrl":"https:\/\/www.lerendezvous.mu\/wp-content\/uploads\/2025\/10\/lrdv-logo.png","width":568,"height":232,"caption":"Le Rendez-Vous"},"image":{"@id":"https:\/\/www.lerendezvous.mu\/#\/schema\/logo\/image\/"},"sameAs":["https:\/\/www.facebook.com\/lerendezvousmauritius","https:\/\/www.instagram.com\/lerendezvous_mauritius"]}]}</script>
<!-- / Yoast SEO plugin. -->

Rachel et Pierre-Yves sont les créateurs de Black & Yellow, une marque qui crée des diffuseurrs et parfums d'ambiance à Maurice.
